nds digit of 9092?
9
What is the units digit of 7124?
4
What is the tens digit of 2129?
2
What is the tens digit of 4232?
3
What is the tens digit of 844?
4
What is the tens digit of 2417?
1
What is the tens digit of 16864?
6
What is the thousands digit of 12145?
2
What is the units digit of 11642?
2
What is the hundreds digit of 556?
5
What is the hundreds digit of 18738?
7
What is the units digit of 27907?
7
What is the tens digit of 6293?
9
What is the ten thousands digit of 70576?
7
What is the tens digit of 8558?
5
What is the thousands digit of 23037?
3
What is the tens digit of 33724?
2
What is the units digit of 2450?
0
What is the thousands digit of 1744?
1
What is the units digit of 10141?
1
What is the thousands digit of 3210?
3
What is the units digit of 3659?
9
What is the hundreds digit of 37934?
9
What is the thousands digit of 57272?
7
What is the thousands digit of 26014?
6
What is the tens digit of 60015?
1
What is the hundreds digit of 21592?
5
What is the tens digit of 19626?
2
What is the hundreds digit of 13308?
3
What is the ten thousands digit of 22404?
2
What is the units digit of 41331?
1
What is the thousands digit of 22300?
2
What is the thousands digit of 96039?
6
What is the tens digit of 542?
4
What is the ten thousands digit of 38610?
3
What is the thousands digit of 1807?
1
What is the units digit of 19133?
3
What is the tens digit of 3009?
0
What is the tens digit of 38?
3
What is the tens digit of 595?
9
What is the units digit of 57801?
1
What is the tens digit of 113?
1
What is the ten thousands digit of 17553?
1
What is the hundreds digit of 221?
2
What is the units digit of 2698?
8
What is the thousands digit of 2435?
2
What is the thousands digit of 9078?
9
What is the tens digit of 16155?
5
What is the units digit of 18?
8
What is the hundreds digit of 1257?
2
What is the hundreds digit of 2016?
0
What is the tens digit of 7462?
6
What is the thousands digit of 8706?
8
What is the tens digit of 3758?
5
What is the tens digit of 11211?
1
What is the hundreds digit of 2240?
2
What is the tens digit of 229?
2
What is the tens digit of 6955?
5
What is the hundreds digit of 4954?
9
What is the tens digit of 16765?
6
What is the hundreds digit of 1020?
0
What is the thousands digit of 132410?
2
What is the tens digit of 3188?
8
What is the units digit of 621?
1
What is the thousands digit of 41962?
1
What is the thousands digit of 33256?
3
What is the units digit of 1316?
6
What is the tens digit of 248?
4
What is the tens digit of 39165?
6
What is the thousands digit of 6408?
6
What is the hundreds digit of 770?
7
What is the units digit of 16205?
5
What is the units digit of 5781?
1
What is the units digit of 1058?
8
What is the thousands digit of 11806?
1
What is the tens digit of 1980?
8
What is the hundreds digit of 46225?
2
What is the units digit of 1137?
7
What is the hundreds digit of 47525?
5
What is the tens digit of 34?
3
What is the tens digit of 1838?
3
What is the tens digit of 23344?
4
What is the tens digit of 31639?
3
What is the hundreds digit of 43402?
4
What is the units digit of 536?
6
What is the units digit of 15724?
4
What is the tens digit of 5322?
2
What is the units digit of 6917?
7
What is the units digit of 1897?
7
What is the units digit of 1079?
9
What is the tens digit of 17224?
2
What is the thousands digit of 193414?
3
What is the tens digit of 115488?
8
What is the units digit of 19107?
7
What is the units digit of 62660?
0
What is the thousands digit of 1881?
1
What is the thousands digit of 1132?
1
What is the ten thousands digit of 41752?
4
What is the hundreds digit of 8342?
3
What is the thousands digit of 53886?
3
What is the thousands digit of 20284?
0
What is the units digit of 732?
2
What is the hundreds digit of 52131?
1
What is the thousands digit of 102668?
2
What is the hundreds digit of 907?
9
What is the thousands digit of 1802?
1
What is the tens digit of 1168?
6
What is the ten thousands digit of 38294?
3
What is the tens digit of 2264?
6
What is the thousands digit of 2598?
2
What is the ten thousands digit of 10476?
1
What is the units digit of 1937?
7
What is the units digit of 19789?
9
What is the thousands digit of 61708?
1
What is the hundreds digit of 1796?
7
What is the thousands digit of 2699?
2
What is the hundreds digit of 25985?
9
What is the units digit of 1023?
3
What is the hundreds digit of 269?
2
What is the tens digit of 3729?
2
What is the hundreds digit of 3991?
9
What is the hundreds digit of 714?
7
What is the ten thousands digit of 14463?
1
What is the units digit of 1340?
0
What is the tens digit of 1834?
3
What is the hundreds digit of 8827?
8
What is the hundreds digit of 22102?
1
What is the units digit of 479?
9
What is the units digit of 1179?
9
What is the thousands digit of 70394?
0
What is the thousands digit of 37434?
7
What is the hundreds digit of 1837?
8
What is the thousands digit of 33553?
3
What is the tens digit of 115482?
8
What is the units digit of 422?
2
What is the tens digit of 2751?
5
What is the units digit of 4980?
0
What is the units digit of 377?
7
What is the thousands digit of 21900?
1
What is the thousands digit of 4356?
4
What is the units digit of 3016?
6
What is the tens digit of 1738?
3
What is the hundreds digit of 161?
1
What is the hundreds digit of 2185?
1
What is the thousands digit of 28150?
8
What is the tens digit of 581?
8
What is the units digit of 75?
5
What is the ten thousands digit of 20213?
2
What is the tens digit of 2920?
2
What is the units digit of 5104?
4
What is the tens digit of 1138?
3
What is the thousands digit of 2294?
2
What is the hundreds digit of 2268?
2
What is the ten thousands digit of 23984?
2
What is the hundreds digit of 2290?
2
What is the tens digit of 14774?
7
What is the hundreds digit of 696?
6
What is the units digit of 5444?
4
What is the tens digit of 9057?
5
What is the tens digit of 15878?
7
What is the units digit of 735?
5
What is the units digit of 1946?
6
What is the units digit of 517?
7
What is the tens digit of 9938?
3
What is the thousands digit of 1515?
1
What is the units digit of 41?
1
What is the units digit of 39?
9
What is the ten thousands digit of 29274?
2
What is the tens digit of 280?
8
What is the tens digit of 1399?
9
What is the units digit of 15544?
4
What is the hundreds digit of 261?
2
What is the tens digit of 1647?
4
What is the hundreds digit of 2492?
4
What is the units digit of 16562?
2
What is the tens digit of 4756?
5
What is the thousands digit of 1357?
1
What is the tens digit of 70227?
2
What is the tens digit of 11674?
7
What is the hundreds digit of 11191?
1
What is the thousands digit of 50388?
0
What is the thousands digit of 1482?
1
What is the hundreds digit of 40464?
4
What is the hundreds digit of 658?
6
What is the hundreds digit of 819?
8
What is the tens digit of 55455?
5
What is the hundreds digit of 903?
9
What is the thousands digit of 15017?
5
What is the hundreds digit of 3393?
3
What is the tens digit of 80031?
3
What is the tens digit of 480?
8
What is the hundreds digit of 5839?
8
What is the units digit of 180?
0
What is the tens digit of 102?
0
What is the hundreds digit of 5638?
6
What is the units digit of 23925?
5
What is the units digit of 11302?
2
What is the tens digit of 972?
7
What is the tens digit of 504?
0
What is the tens digit of 312?
1
What is the hundreds digit of 2025?
0
What is the tens digit of 38662?
6
What is the thousands digit of 154513?
4
What is the hundreds digit of 21181?
1
What is the hundreds digit of 82562?
5
What is the hundreds digit of 895?
8
What is the tens digit of 384?
8
What is the hundreds digit of 845?
8
What is the units digit of 180?
0
What is the tens digit of 228?
2
What is the tens digit of 4529?
2
What is the thousands digit of 10731?
0
What is the tens digit of 315?
1
What is the hundreds digit of 8609?
6
What is the thousands digit of 18922?
8
What is the tens digit of 12454?
5
What is the tens digit of 9041?
4
What is the hundreds digit of 3449?
4
What is the units digit of 62?
2
What is the tens digit of 588?
8
What is the hundreds digit of 3020?
0
What is the tens digit of 1606?
0
What is the units digit of 59428?
8
What is the thousands digit of 